{"id":1613,"date":"2023-03-03T10:22:18","date_gmt":"2023-03-03T09:22:18","guid":{"rendered":"https:\/\/www.latitude21.re\/evenements\/aqua-relax\/"},"modified":"2023-03-03T10:22:20","modified_gmt":"2023-03-03T09:22:20","slug":"aqua-relax","status":"publish","type":"tribe_events","link":"https:\/\/www.latitude21.re\/en\/evenements\/aqua-relax","title":{"rendered":"Aqua-Relax"},"content":{"rendered":"<div class=\"x11i5rnm xat24cr x1mh8g0r x1vvkbs xdj266r x126k92a\">\n<div dir=\"auto\">Morning Relaxation &amp; Relaxation! <span class=\"x3nfvp2 x1j61x8r x1fcty0u xdj266r xhhsvwb xat24cr xgzva0m xxymvpz xlup9mm x1kky2od\"><img decoding=\"async\" src=\"https:\/\/static.xx.fbcdn.net\/images\/emoji.php\/v9\/t63\/1.5\/16\/1f343.png\" alt=\"\ud83c\udf43\" width=\"16\" height=\"16\"><\/span><\/div>\n<div dir=\"auto\"><\/div>\n<div dir=\"auto\"><span class=\"x3nfvp2 x1j61x8r x1fcty0u xdj266r xhhsvwb xat24cr xgzva0m xxymvpz xlup9mm x1kky2od\"><img decoding=\"async\" src=\"https:\/\/static.xx.fbcdn.net\/images\/emoji.php\/v9\/ta7\/1.5\/16\/1fab7.png\" alt=\"\ud83e\udeb7\" width=\"16\" height=\"16\"><\/span>Relaxation lessons, relaxation movement in the water and breathing exercises! <span class=\"x3nfvp2 x1j61x8r x1fcty0u xdj266r xhhsvwb xat24cr xgzva0m xxymvpz xlup9mm x1kky2od\"><img decoding=\"async\" src=\"https:\/\/static.xx.fbcdn.net\/images\/emoji.php\/v9\/tec\/1.5\/16\/1f9d8_200d_2640.png\" alt=\"\ud83e\uddd8\u200d\u2640\ufe0f\" width=\"16\" height=\"16\"><\/span> Thanks to Rachel for her time and relaxation methods! Followed by a sweet and savory continental breakfast!<\/div>\n<div dir=\"auto\"><\/div>\n<\/div>\n<div class=\"x11i5rnm xat24cr x1mh8g0r x1vvkbs xtlvy1s x126k92a\">\n<div dir=\"auto\">Next session on Monday March 13, during the holidays for even more relaxation!<\/div>\n<\/div>\n<div class=\"x11i5rnm xat24cr x1mh8g0r x1vvkbs xtlvy1s x126k92a\">\n<div dir=\"auto\">Are you tempted? <span class=\"x3nfvp2 x1j61x8r x1fcty0u xdj266r xhhsvwb xat24cr xgzva0m xxymvpz xlup9mm x1kky2od\"><img decoding=\"async\" src=\"https:\/\/static.xx.fbcdn.net\/images\/emoji.php\/v9\/tf4\/1.5\/16\/2600.png\" alt=\"\u2600\ufe0f\" width=\"16\" height=\"16\"><\/span><\/div>\n<\/div>\n","protected":false},"excerpt":{"rendered":"<p>Morning Relaxation &amp; Relaxation! Relaxation lessons, relaxation movement in the water and breathing exercises! Thanks to Rachel for her time and relaxation methods! Followed by a sweet and savory continental [&hellip;]<\/p>\n","protected":false},"author":2,"featured_media":2124,"template":"","meta":{"_acf_changed":false,"inline_featured_image":false,"_EventAllDay":false,"_EventTimezone":"Europe\/Paris","_EventStartDate":"2023-11-05 17:00:00","_EventEndDate":"2023-11-05 17:00:00","_EventStartDateUTC":"2023-11-05 16:00:00","_EventEndDateUTC":"2023-11-05 16:00:00","_EventShowMap":true,"_EventShowMapLink":true,"_EventURL":"","_EventCost":"","_EventCostDescription":"","_EventCurrencySymbol":"","_EventCurrencyCode":"","_EventCurrencyPosition":"","_EventDateTimeSeparator":"","_EventTimeRangeSeparator":"","_EventOrganizerID":[],"_EventVenueID":[1226],"_OrganizerEmail":"","_OrganizerPhone":"","_OrganizerWebsite":"","_VenueAddress":"","_VenueCity":"","_VenueCountry":"","_VenueProvince":"","_VenueState":"","_VenueZip":"","_VenuePhone":"","_VenueURL":"","_VenueStateProvince":"","_VenueLat":"","_VenueLng":"","_VenueShowMap":false,"_VenueShowMapLink":false,"_tribe_events_status":"","_tribe_events_status_reason":"","footnotes":""},"tags":[],"tribe_events_cat":[],"class_list":["post-1613","tribe_events","type-tribe_events","status-publish","has-post-thumbnail","hentry"],"acf":[],"yoast_head":"<!-- This site is optimized with the Yoast SEO plugin v26.8 - https:\/\/yoast.com\/product\/yoast-seo-wordpress\/ -->\n<title>Aqua-Relax - H\u00f4tel Latitude21<\/title>\n<meta name=\"description\" content=\"Aqua Relax on Monday March 13! Relaxation and breathing class, followed by a savory and sweet continental breakfast\" \/>\n<meta name=\"robots\" content=\"index, follow, max-snippet:-1, max-image-preview:large, max-video-preview:-1\" \/>\n<link rel=\"canonical\" href=\"https:\/\/www.latitude21.re\/en\/evenements\/aqua-relax\" \/>\n<meta property=\"og:locale\" content=\"en_US\" \/>\n<meta property=\"og:type\" content=\"article\" \/>\n<meta property=\"og:title\" content=\"Aqua-Relax - H\u00f4tel Latitude21\" \/>\n<meta property=\"og:description\" content=\"Aqua Relax on Monday March 13! Relaxation and breathing class, followed by a savory and sweet continental breakfast\" \/>\n<meta property=\"og:url\" content=\"https:\/\/www.latitude21.re\/en\/evenements\/aqua-relax\" \/>\n<meta property=\"og:site_name\" content=\"H\u00f4tel Latitude21\" \/>\n<meta property=\"article:publisher\" content=\"https:\/\/www.facebook.com\/HotelLatitude21\" \/>\n<meta property=\"article:modified_time\" content=\"2023-03-03T09:22:20+00:00\" \/>\n<meta property=\"og:image\" content=\"https:\/\/www.latitude21.re\/wp-content\/uploads\/2023\/03\/aquayoga-decembre.png\" \/>\n\t<meta property=\"og:image:width\" content=\"1000\" \/>\n\t<meta property=\"og:image:height\" content=\"1500\" \/>\n\t<meta property=\"og:image:type\" content=\"image\/png\" \/>\n<meta name=\"twitter:card\" content=\"summary_large_image\" \/>\n<!-- \/ Yoast SEO plugin. -->","yoast_head_json":{"title":"Aqua-Relax - H\u00f4tel Latitude21","description":"Aqua Relax on Monday March 13! Relaxation and breathing class, followed by a savory and sweet continental breakfast","robots":{"index":"index","follow":"follow","max-snippet":"max-snippet:-1","max-image-preview":"max-image-preview:large","max-video-preview":"max-video-preview:-1"},"canonical":"https:\/\/www.latitude21.re\/en\/evenements\/aqua-relax","og_locale":"en_US","og_type":"article","og_title":"Aqua-Relax - H\u00f4tel Latitude21","og_description":"Aqua Relax on Monday March 13! Relaxation and breathing class, followed by a savory and sweet continental breakfast","og_url":"https:\/\/www.latitude21.re\/en\/evenements\/aqua-relax","og_site_name":"H\u00f4tel Latitude21","article_publisher":"https:\/\/www.facebook.com\/HotelLatitude21","article_modified_time":"2023-03-03T09:22:20+00:00","og_image":[{"width":1000,"height":1500,"url":"https:\/\/www.latitude21.re\/wp-content\/uploads\/2023\/03\/aquayoga-decembre.png","type":"image\/png"}],"twitter_card":"summary_large_image","schema":{"@context":"https:\/\/schema.org","@graph":[{"@type":"WebPage","@id":"https:\/\/www.latitude21.re\/en\/evenements\/aqua-relax","url":"https:\/\/www.latitude21.re\/en\/evenements\/aqua-relax","name":"Aqua-Relax - H\u00f4tel Latitude21","isPartOf":{"@id":"https:\/\/www.latitude21.re\/en#website"},"primaryImageOfPage":{"@id":"https:\/\/www.latitude21.re\/en\/evenements\/aqua-relax#primaryimage"},"image":{"@id":"https:\/\/www.latitude21.re\/en\/evenements\/aqua-relax#primaryimage"},"thumbnailUrl":"https:\/\/www.latitude21.re\/wp-content\/uploads\/2023\/03\/aquayoga-decembre.png","datePublished":"2023-03-03T09:22:18+00:00","dateModified":"2023-03-03T09:22:20+00:00","description":"Aqua Relax on Monday March 13! Relaxation and breathing class, followed by a savory and sweet continental breakfast","breadcrumb":{"@id":"https:\/\/www.latitude21.re\/en\/evenements\/aqua-relax#breadcrumb"},"inLanguage":"en-US","potentialAction":[{"@type":"ReadAction","target":["https:\/\/www.latitude21.re\/en\/evenements\/aqua-relax"]}]},{"@type":"ImageObject","inLanguage":"en-US","@id":"https:\/\/www.latitude21.re\/en\/evenements\/aqua-relax#primaryimage","url":"https:\/\/www.latitude21.re\/wp-content\/uploads\/2023\/03\/aquayoga-decembre.png","contentUrl":"https:\/\/www.latitude21.re\/wp-content\/uploads\/2023\/03\/aquayoga-decembre.png","width":1000,"height":1500},{"@type":"BreadcrumbList","@id":"https:\/\/www.latitude21.re\/en\/evenements\/aqua-relax#breadcrumb","itemListElement":[{"@type":"ListItem","position":1,"name":"Accueil","item":"https:\/\/www.latitude21.re\/en"},{"@type":"ListItem","position":2,"name":"Events","item":"https:\/\/www.latitude21.re\/en\/evenements\/"},{"@type":"ListItem","position":3,"name":"Aqua-Relax"}]},{"@type":"WebSite","@id":"https:\/\/www.latitude21.re\/en#website","url":"https:\/\/www.latitude21.re\/en","name":"H\u00f4tel Latitude21","description":"H\u00f4tel Saint Gilles La R\u00e9union","publisher":{"@id":"https:\/\/www.latitude21.re\/en#organization"},"potentialAction":[{"@type":"SearchAction","target":{"@type":"EntryPoint","urlTemplate":"https:\/\/www.latitude21.re\/en?s={search_term_string}"},"query-input":{"@type":"PropertyValueSpecification","valueRequired":true,"valueName":"search_term_string"}}],"inLanguage":"en-US"},{"@type":"Organization","@id":"https:\/\/www.latitude21.re\/en#organization","name":"Latitude 21","url":"https:\/\/www.latitude21.re\/en","logo":{"@type":"ImageObject","inLanguage":"en-US","@id":"https:\/\/www.latitude21.re\/en#\/schema\/logo\/image\/","url":"https:\/\/www.latitude21.re\/wp-content\/uploads\/2022\/06\/Logo_Latitude-21.jpg","contentUrl":"https:\/\/www.latitude21.re\/wp-content\/uploads\/2022\/06\/Logo_Latitude-21.jpg","width":549,"height":281,"caption":"Latitude 21"},"image":{"@id":"https:\/\/www.latitude21.re\/en#\/schema\/logo\/image\/"},"sameAs":["https:\/\/www.facebook.com\/HotelLatitude21","https:\/\/www.instagram.com\/hotel.latitude21\/"]}]}},"_links":{"self":[{"href":"https:\/\/www.latitude21.re\/en\/wp-json\/wp\/v2\/tribe_events\/1613","targetHints":{"allow":["GET"]}}],"collection":[{"href":"https:\/\/www.latitude21.re\/en\/wp-json\/wp\/v2\/tribe_events"}],"about":[{"href":"https:\/\/www.latitude21.re\/en\/wp-json\/wp\/v2\/types\/tribe_events"}],"author":[{"embeddable":true,"href":"https:\/\/www.latitude21.re\/en\/wp-json\/wp\/v2\/users\/2"}],"version-history":[{"count":1,"href":"https:\/\/www.latitude21.re\/en\/wp-json\/wp\/v2\/tribe_events\/1613\/revisions"}],"predecessor-version":[{"id":1615,"href":"https:\/\/www.latitude21.re\/en\/wp-json\/wp\/v2\/tribe_events\/1613\/revisions\/1615"}],"wp:featuredmedia":[{"embeddable":true,"href":"https:\/\/www.latitude21.re\/en\/wp-json\/wp\/v2\/media\/2124"}],"wp:attachment":[{"href":"https:\/\/www.latitude21.re\/en\/wp-json\/wp\/v2\/media?parent=1613"}],"wp:term":[{"taxonomy":"post_tag","embeddable":true,"href":"https:\/\/www.latitude21.re\/en\/wp-json\/wp\/v2\/tags?post=1613"},{"taxonomy":"tribe_events_cat","embeddable":true,"href":"https:\/\/www.latitude21.re\/en\/wp-json\/wp\/v2\/tribe_events_cat?post=1613"}],"curies":[{"name":"wp","href":"https:\/\/api.w.org\/{rel}","templated":true}]}}

<!-- This site is optimized with the Yoast SEO plugin v26.8 - https://yoast.com/product/yoast-seo-wordpress/ -->
<title>Aqua-Relax - Hôtel Latitude21</title>
<meta name="description" content="Aqua Relax on Monday March 13! Relaxation and breathing class, followed by a savory and sweet continental breakfast" />
<meta name="robots" content="index, follow, max-snippet:-1, max-image-preview:large, max-video-preview:-1" />
<link rel="canonical" href="https://www.latitude21.re/en/evenements/aqua-relax" />
<meta property="og:locale" content="en_US" />
<meta property="og:type" content="article" />
<meta property="og:title" content="Aqua-Relax - Hôtel Latitude21" />
<meta property="og:description" content="Aqua Relax on Monday March 13! Relaxation and breathing class, followed by a savory and sweet continental breakfast" />
<meta property="og:url" content="https://www.latitude21.re/en/evenements/aqua-relax" />
<meta property="og:site_name" content="Hôtel Latitude21" />
<meta property="article:publisher" content="https://www.facebook.com/HotelLatitude21" />
<meta property="article:modified_time" content="2023-03-03T09:22:20+00:00" />
<meta property="og:image" content="https://www.latitude21.re/wp-content/uploads/2023/03/aquayoga-decembre.png" />
	<meta property="og:image:width" content="1000" />
	<meta property="og:image:height" content="1500" />
	<meta property="og:image:type" content="image/png" />
<meta name="twitter:card" content="summary_large_image" />
<!-- / Yoast SEO plugin. -->

Aqua-Relax - Hôtel Latitude21

Hôtel Latitude21

Hôtel Saint Gilles La Réunion
